{"id":6907,"date":"2026-01-14T10:27:29","date_gmt":"2026-01-14T09:27:29","guid":{"rendered":"https:\/\/legrain.tribalt.agency\/?page_id=6907"},"modified":"2026-01-22T16:09:49","modified_gmt":"2026-01-22T15:09:49","slug":"le-club","status":"publish","type":"page","link":"https:\/\/tl-conseil.tribalt.agency\/?page_id=6907","title":{"rendered":"Le Club"},"content":{"rendered":"\t\t<div data-elementor-type=\"wp-page\" data-elementor-id=\"6907\" class=\"elementor elementor-6907\">\n\t\t\t\t<div class=\"elementor-element elementor-element-074ac08 e-flex e-con-boxed e-con e-parent\" data-id=\"074ac08\" data-element_type=\"container\">\n\t\t\t\t\t<div class=\"e-con-inner\">\n\t\t<div class=\"elementor-element elementor-element-007e9c1 e-con-full e-flex e-con e-child\" data-id=\"007e9c1\" data-element_type=\"container\">\n\t\t\t\t<div class=\"elementor-element elementor-element-011f14c elementor-widget elementor-widget-image\" data-id=\"011f14c\" data-element_type=\"widget\" data-widget_type=\"image.default\">\n\t\t\t\t\t\t\t\t\t\t\t\t\t\t\t<img fetchpriority=\"high\" decoding=\"async\" width=\"680\" height=\"1024\" src=\"https:\/\/tl-conseil.tribalt.agency\/wp-content\/uploads\/2026\/01\/DSC_5092-2-NB-680x1024.jpg\" class=\"attachment-large size-large wp-image-39140\" alt=\"\" srcset=\"https:\/\/tl-conseil.tribalt.agency\/wp-content\/uploads\/2026\/01\/DSC_5092-2-NB-680x1024.jpg 680w, https:\/\/tl-conseil.tribalt.agency\/wp-content\/uploads\/2026\/01\/DSC_5092-2-NB-199x300.jpg 199w, https:\/\/tl-conseil.tribalt.agency\/wp-content\/uploads\/2026\/01\/DSC_5092-2-NB-768x1157.jpg 768w, https:\/\/tl-conseil.tribalt.agency\/wp-content\/uploads\/2026\/01\/DSC_5092-2-NB-1020x1536.jpg 1020w, https:\/\/tl-conseil.tribalt.agency\/wp-content\/uploads\/2026\/01\/DSC_5092-2-NB-1360x2048.jpg 1360w, https:\/\/tl-conseil.tribalt.agency\/wp-content\/uploads\/2026\/01\/DSC_5092-2-NB-scaled.jpg 1700w\" sizes=\"(max-width: 680px) 100vw, 680px\" \/>\t\t\t\t\t\t\t\t\t\t\t\t\t\t\t<\/div>\n\t\t\t\t<\/div>\n\t\t<div class=\"elementor-element elementor-element-cee6099 e-con-full e-flex e-con e-child\" data-id=\"cee6099\" data-element_type=\"container\">\n\t\t\t\t<div class=\"elementor-element elementor-element-43c9f017 elementor-widget elementor-widget-qi_addons_for_elementor_section_title\" data-id=\"43c9f017\" data-element_type=\"widget\" data-widget_type=\"qi_addons_for_elementor_section_title.default\">\n\t\t\t\t<div class=\"elementor-widget-container\">\n\t\t\t\t\t<div class=\"qodef-shortcode qodef-m qodef-qi-section-title qodef-decoration--italic qodef-link--underline-draw qodef-subtitle-icon--left\">\n\t\t\t\t\t\t<h2 class=\"qodef-m-title\">\n\t\tA PROPOS\t<\/h2>\n\t\t\t<div class=\"qodef-m-text\"><p>Cr\u00e9\u00e9 en 2003 par Thomas Legrain, le Club de l\u2019Audace a pour but d\u2019organiser et de favoriser des rencontres. Il r\u00e9unit une fois par mois autour d\u2019un invit\u00e9 prestigieux des chefs d\u2019entreprises, des professionnels du conseil, des journalistes et des repr\u00e9sentants du secteur public, dans le cadre de d\u00e9bats sur un sujet d\u2019actualit\u00e9.<\/p><p>L\u2019adh\u00e9sion n\u2019\u00e9tant pas nominative, chaque membre du Club peut se faire repr\u00e9senter lorsqu\u2019une contrainte l\u2019emp\u00eache de participer \u00e0 un \u00e9v\u00e9nement. Toute entreprise a l\u2019opportunit\u00e9 de prendre une adh\u00e9sion unique et de choisir, en fonction de l\u2019intervenant et de la th\u00e9matique, le collaborateur qui la repr\u00e9sentera.<\/p><p>Trois cercles th\u00e9matiques ont \u00e9t\u00e9 cr\u00e9\u00e9s dans le cadre du Club afin de r\u00e9unir des publics cibl\u00e9s, autour de probl\u00e9matiques sp\u00e9cifiques :<\/p><ul class=\"arrow_list\"><li>le\u00a0Cercle RH,<\/li><li>le\u00a0Cercle Sport et Entreprise,<\/li><li>le\u00a0Cercle de l\u2019Audace en Pays de Grasse.<\/li><\/ul><\/div>\n\t<\/div>\n\t\t\t\t<\/div>\n\t\t\t\t<\/div>\n\t\t<div class=\"elementor-element elementor-element-da7248c e-con-full e-flex e-con e-child\" data-id=\"da7248c\" data-element_type=\"container\">\n\t\t\t\t<div class=\"elementor-element elementor-element-37a6bc2e elementor-widget elementor-widget-tadao_core_button\" data-id=\"37a6bc2e\" data-element_type=\"widget\" data-widget_type=\"tadao_core_button.default\">\n\t\t\t\t<div class=\"elementor-widget-container\">\n\t\t\t\t\t<a class=\"qodef-shortcode qodef-m qodef-button qodef-layout--filled qodef-html--link\" href=\"\" target=\"_self\"  >\n\t<span class=\"qodef-m-text\">Partenaires<\/span>\n<\/a>\n\t\t\t\t<\/div>\n\t\t\t\t<\/div>\n\t\t\t\t<div class=\"elementor-element elementor-element-65ff0550 elementor-widget elementor-widget-tadao_core_button\" data-id=\"65ff0550\" data-element_type=\"widget\" data-widget_type=\"tadao_core_button.default\">\n\t\t\t\t<div class=\"elementor-widget-container\">\n\t\t\t\t\t<a class=\"qodef-shortcode qodef-m qodef-button qodef-layout--filled qodef-html--link\" href=\"\" target=\"_self\"  >\n\t<span class=\"qodef-m-text\">Adh\u00e9rer <\/span>\n<\/a>\n\t\t\t\t<\/div>\n\t\t\t\t<\/div>\n\t\t\t\t<\/div>\n\t\t\t\t<\/div>\n\t\t\t\t\t<\/div>\n\t\t\t\t<\/div>\n\t\t<div class=\"elementor-element elementor-element-f289a7b e-flex e-con-boxed e-con e-parent\" data-id=\"f289a7b\" data-element_type=\"container\">\n\t\t\t\t\t<div class=\"e-con-inner\">\n\t\t\t\t<div class=\"elementor-element elementor-element-79773ce elementor-widget elementor-widget-qi_addons_for_elementor_section_title\" data-id=\"79773ce\" data-element_type=\"widget\" data-widget_type=\"qi_addons_for_elementor_section_title.default\">\n\t\t\t\t<div class=\"elementor-widget-container\">\n\t\t\t\t\t<div class=\"qodef-shortcode qodef-m qodef-qi-section-title qodef-decoration--italic qodef-link--underline-draw qodef-subtitle-icon--left\">\n\t\t\t\t\t\t\t\t<div class=\"qodef-m-text\"><p>Ils nous ont fait l\u2019honneur d\u2019intervenir : David ABIKER, Thierry ADELINE, Jean-Pierre ALIX, Fran\u00e7ois ALU, Alexis ANGOT, Agn\u00e8s ARCIER, Edward ARKWRIGHT, Jean ARVIS, Maud BAILLY, Thierry BARIL, Patrick BASSET, Olivier BASSO, Benoit BATTISTELLI, Fr\u00e9d\u00e9ric BEDIN, Charles BEIGBEDER, C\u00e9cile BELIOT-ZIND, Son Excellence Monsieur Chakib BENMOUSSA, Jean-Fran\u00e7ois BERNARDIN, Jean-Paul BETBEZE, Xavier BEULIN, Philippe BILGER, Jean-Michel BILLAUT, Hugo BIOLLEY, Christian BLANC, Jean-Michel BLANQUER, Philippe BLOCH, Marcel BOTTON, Malek BOUKERCHI, Micha\u00ebl BOUMENDIL, H\u00e9l\u00e8ne BOURBOULOUX, Agn\u00e8s BRICARD, Philippe BRIZON, Marie-Laure BUISSON, Olivier BUQUEN, Son Excellence Monsieur Tahsin BURCUOGLU, Pascal CAGNI, Bernard CAIAZZO, Thierry CAMMAS, Gilles CARREZ, Christophe CAUPENNE, Alain CAYZAC, Bruno CERCLEY, Guillaume CERUTTI, le G\u00e9n\u00e9ral de corps d\u2019arm\u00e9e Herv\u00e9 CHARPENTIER, Denis CHARVET, Christophe CHENUT, Yazid CHIR, Antoine COLBOC, Bertrand COLLOMB, Beno\u00eet COQUART, Fran\u00e7ois CORNUT-GENTILLE, Michel COSTIOU, Michel CYMES, Axel DAUCHEZ, Christian de BAECQUE, Pierre-Andr\u00e9 de CHALENDAR, S\u00e9bastien de LAFOND, Henri de MAUBLANC, Etienne de PONCINS Arnaud de PUYFONTAINE, Jean-Paul DEBEURET, Jean-Paul DELEVOYE, Jean-Claude DELGENES, Richard DESCOINGS, Bernard DEVERT, Philippe DOUSTE-BLAZY, Fran\u00e7ois DROUIN, Jean-Bertrand DRUMMEN, St\u00e9phane DUBOIS, Elina DUMONT, Yves ENREGLE, Mercedes ERRA, Jean-Pierre FARANDOU, Val\u00e9rie FAYARD, Olivier FERRAND, Benjamin FERRE, Pierre FLEURIOT, Xavier FONTANET, Jean-Louis FOUSSERET, Jean-Christophe FROMANTIN, Jacques GARAIALDE, Frank GARNIER, Jacques GAUTIER, Philippe GENOULAZ, Philippe GLOAGUEN, Patrice GOLLIER, le G\u00e9n\u00e9ral de corps d\u2019arm\u00e9e Pierre-Joseph GIVRE, Philippe GOULLIAUD, Carole GRANDJEAN, Ludovic de GROMARD, Jean GUETTA, Jean-Louis GUIGOU, Michel GUILBAUD, Daniel HARARI, J\u00e9r\u00f4me HERVE, Fran\u00e7ois HUREL, Pierre-Andr\u00e9 IMBERT, Sylvie JEHANNO, Antoine JOUTEAU, Alain JUILLET, Jean-Fran\u00e7ois JULLIARD, Daniel KAHN, G\u00e9rald KARSENTI, Jean KASPAR, Pierre KOSCIUSKO-MORIZET, Nathalie KOSCIUSKO-MORIZET, Carine KRAUS, Laurent KOTT, Henri LACHMANN, Bruno LAFONT, Jean-Bernard LAFONTA, Thibault LANXADE, Pierre LAPEGUE, Gr\u00e9goire LASSALLE, St\u00e9phane LAYANI, Jean-Claude LE GRAND, St\u00e9ven LE HYARIC, R\u00e9gis LE SOMMIER, Christiane LECOCQ, Tristan LECOMTE, Henri LECONTE, Thomas LEGRAIN, Olivier LEGRAIN, Philippe LEMOINE, Philippe LENTSCHENER, Jean-Fran\u00e7ois LEPETIT, Nicolas LESUR, Olivier LETANG, Jean-Bernard LEVY, G\u00e9rard LONGUET, Jean-Herv\u00e9 LORENZI, Franck LOUVRIER, Jean-Claude MAILLY, Richard MALLIE, Philippe MARINI, Muriel MAYETTE, Fr\u00e9d\u00e9ric MAZZELLA, Alain MEAR, Pierre MEHAIGNERIE, Maurice MEYARA, Paul MIDY, Yves MILLARDET, Arnaud MONTEBOURG, Isabelle MORDANT, Herv\u00e9 MORIN, Xavier MUSCA, Philippe MUTRICY, Herv\u00e9 NOVELLI, Maria NOWAK, Christian NOYER, Am\u00e9lie OUDEA-CASTERA, Fr\u00e9d\u00e9ric OUDEA, Pierre PAGESSE, Le G\u00e9n\u00e9ral d\u2019arm\u00e9e a\u00e9rienne (2s) Jean-Paul PALOMEROS, Augustin PALUEL-MARMONT, Denis PAYRE, Val\u00e9rie PECRESSE, Gilles PELISSON, Fran\u00e7ois PEROL, Louis PETIET, Thierry PETIT, Jean-Luc PETITHUGUENIN, Boris POURREAU, Patrick POUYANNE, Jean-Pierre RAFFARIN, Xavier RAUFER, Andr\u00e9 RENAUDIN, Dominique RESTINO, Sylvie RETAILLEAU, Frank RIBUOT, Son Excellence Sir Peter RICKETTS, Franck RIESTER, Son Excellence Madame Anne Dorte RIGGELSEN, Lo\u00efck ROCHE, Vincent ROGER, Augustin de ROMANET, Xavier ROMATET, Jean-Jacques ROSA, Jean-Fran\u00e7ois ROUBAUD, Geoffroy ROUX de BEZIEUX, Alexandre RUBIN, Yazid SABEG, Thierry SAUSSEZ, Louis SCHWEITZER, Didier SICARD, Mathieu SIDOKPOHOU, Alain SIMAC, Bertrand SOUBELET, Raymond SOUBIE, Bernard SPITZ, Nicolas de TAVERNOST, Martial THEVENOT, Matthieu TORDEUR, Gr\u00e9gory TREBAOL, Guy VASSEUR, Martin VIAL, C\u00e9dric VILLANI, Jean-Claude VOLOT, Laurent WAUQUIEZ, Alain WEILL, Patrick WERNER, Eric WOERTH<\/p><\/div>\n\t<\/div>\n\t\t\t\t<\/div>\n\t\t\t\t<\/div>\n\t\t\t\t\t<\/div>\n\t\t\t\t<\/div>\n\t\t\t\t<\/div>\n\t\t","protected":false},"excerpt":{"rendered":"<p>A PROPOS Cr\u00e9\u00e9 en 2003 par Thomas Legrain, le Club de l\u2019Audace a pour but d\u2019organiser et de favoriser des rencontres. Il r\u00e9unit une fois par mois autour d\u2019un invit\u00e9 prestigieux des chefs d\u2019entreprises, des professionnels du conseil, des journalistes et des repr\u00e9sentants du secteur public, dans le cadre de d\u00e9bats sur un sujet d\u2019actualit\u00e9. [&hellip;]<\/p>\n","protected":false},"author":1,"featured_media":0,"parent":0,"menu_order":0,"comment_status":"closed","ping_status":"closed","template":"","meta":{"_acf_changed":false,"footnotes":""},"class_list":["post-6907","page","type-page","status-publish","hentry"],"acf":[],"_links":{"self":[{"href":"https:\/\/tl-conseil.tribalt.agency\/index.php?rest_route=\/wp\/v2\/pages\/6907","targetHints":{"allow":["GET"]}}],"collection":[{"href":"https:\/\/tl-conseil.tribalt.agency\/index.php?rest_route=\/wp\/v2\/pages"}],"about":[{"href":"https:\/\/tl-conseil.tribalt.agency\/index.php?rest_route=\/wp\/v2\/types\/page"}],"author":[{"embeddable":true,"href":"https:\/\/tl-conseil.tribalt.agency\/index.php?rest_route=\/wp\/v2\/users\/1"}],"replies":[{"embeddable":true,"href":"https:\/\/tl-conseil.tribalt.agency\/index.php?rest_route=%2Fwp%2Fv2%2Fcomments&post=6907"}],"version-history":[{"count":5,"href":"https:\/\/tl-conseil.tribalt.agency\/index.php?rest_route=\/wp\/v2\/pages\/6907\/revisions"}],"predecessor-version":[{"id":45369,"href":"https:\/\/tl-conseil.tribalt.agency\/index.php?rest_route=\/wp\/v2\/pages\/6907\/revisions\/45369"}],"wp:attachment":[{"href":"https:\/\/tl-conseil.tribalt.agency\/index.php?rest_route=%2Fwp%2Fv2%2Fmedia&parent=6907"}],"curies":[{"name":"wp","href":"https:\/\/api.w.org\/{rel}","templated":true}]}}